{"id":725,"date":"2024-07-06T11:16:34","date_gmt":"2024-07-06T11:16:34","guid":{"rendered":"https:\/\/new.having1ball.ch\/?page_id=725"},"modified":"2026-02-01T15:59:30","modified_gmt":"2026-02-01T14:59:30","slug":"merci-de-votre-soutien","status":"publish","type":"page","link":"https:\/\/having1ball.ch\/index.php\/merci-de-votre-soutien\/","title":{"rendered":"Merci de votre soutien &#8211; FR"},"content":{"rendered":"<h1>Merci de votre soutien !<\/h1>\n<div>\n<p>Votre inscription a bien \u00e9t\u00e9 enregistr\u00e9e. Vous recevrez un e-mail de confirmation dans les prochaines heures.<\/p>\n<p>Veuillez verser votre cotisation sur le compte bancaire de l&rsquo;association au moyen des QR-Factures ci-dessous.<\/p>\n<p>En cas de paiement depuis l&rsquo;\u00e9tranger, vous trouverez les <a href=\"#banque\">coordonn\u00e9es bancaires en bas de page<\/a><\/p>\n<\/div>\n<hr>\n<div>\n<h2>Membre : CHF 50.-<\/h2>\n<\/div>\n<p><img decoding=\"async\" src=\"\/wp-content\/uploads\/2026\/02\/HAB-QRCotisationMembre.png\" alt=\"\"><\/p>\n<div>\n<h2>PDF<\/h2>\n<\/div>\n<p><p>\n        <a href=\"\/wp-content\/uploads\/2026\/02\/HAB-QRCotisationMembre.pdf\">T\u00e9l\u00e9charger QR-Facture<\/a>\n    <\/p>\n<\/p>\n<hr>\n<div>\n<h2>Ami de Joey : CHF 150.-<\/h2>\n<\/div>\n<p><img decoding=\"async\" src=\"\/wp-content\/uploads\/2026\/02\/HAB-QRCotisationAmiJoey.png\" alt=\"\"><\/p>\n<div>\n<h2>PDF<\/h2>\n<\/div>\n<p><p>\n        <a href=\"\/wp-content\/uploads\/2026\/02\/HAB-QRCotisationAmiJoey.pdf\">T\u00e9l\u00e9charger QR-Facture<\/a>\n    <\/p>\n<\/p>\n<hr>\n<div>\n<h2>Famille : CHF 90.-<\/h2>\n<\/div>\n<p><img decoding=\"async\" src=\"\/wp-content\/uploads\/2026\/02\/HAB-QRCotisationFamille.png\" alt=\"\"><\/p>\n<div>\n<h2>PDF<\/h2>\n<\/div>\n<p><p>\n        <a href=\"\/wp-content\/uploads\/2026\/02\/HAB-QRCotisationFamille.pdf\">T\u00e9l\u00e9charger QR-Facture<\/a>\n    <\/p>\n<\/p>\n<hr>\n<div>\n<h2>Donation libre<\/h2>\n<\/div>\n<p><img decoding=\"async\" src=\"\/wp-content\/uploads\/2025\/01\/QR_DonationLibre.webp\" alt=\"\"><\/p>\n<div>\n<h2>PDF<\/h2>\n<\/div>\n<p><p>\n        <a href=\"\/wp-content\/uploads\/2025\/01\/QR_DonationLibre.pdf\">T\u00e9l\u00e9charger QR-Facture<\/a>\n    <\/p>\n<\/p>\n<hr>\n<div>\n<h2>Coordonn\u00e9es bancaires<\/h2>\n<\/div>\n<div>\n<div class=\"uk-panel uk-margin\" data-id=\"page#0-0-0-5\" data-element=\"\">\n<p style=\"text-align: center;\">Having a Ball : Joseph Barnes Ass. for Testicular Cancer Awareness<br \/>Banque Cantonale Neuch\u00e2teloise<br \/>CH-2001 Neuch\u00e2tel<\/p>\n<p style=\"text-align: center;\">BIC \/ SWIFT : BCNNCH22XXX<br \/>IBAN : CH76 0076 6000 1042 2278 8<\/p>\n<\/div>\n<\/div>\n<p><!--more--><br \/>\n<!-- {\"type\":\"layout\",\"children\":[{\"type\":\"section\",\"props\":{\"image_position\":\"center-center\",\"style\":\"default\",\"title_breakpoint\":\"xl\",\"title_position\":\"top-left\",\"title_rotation\":\"left\",\"vertical_align\":\"middle\",\"width\":\"default\"},\"children\":[{\"type\":\"row\",\"children\":[{\"type\":\"column\",\"props\":{\"image_position\":\"center-center\",\"position_sticky_breakpoint\":\"m\"},\"children\":[{\"type\":\"headline\",\"props\":{\"content\":\"Merci de votre soutien !\",\"image_align\":\"left\",\"image_margin\":\"xsmall\",\"title_element\":\"h1\"}},{\"type\":\"text\",\"props\":{\"column_breakpoint\":\"m\",\"content\":\"\n\n<p>Votre inscription a bien \u00e9t\u00e9 enregistr\u00e9e. Vous recevrez un e-mail de confirmation dans les prochaines heures.<\/p>\n\n\\n\n\n<p>Veuillez verser votre cotisation sur le compte bancaire de l'association au moyen des QR-Factures ci-dessous.<\/p>\n\n\\n\n\n<p>En cas de paiement depuis l'\u00e9tranger, vous trouverez les <a href=\\\"#banque\\\">coordonn\u00e9es bancaires en bas de page<\/a><\/p>\n\n\",\"margin_bottom\":\"default\",\"margin_top\":\"default\"}}]}]},{\"type\":\"row\",\"children\":[{\"type\":\"column\",\"props\":{\"image_position\":\"center-center\",\"position_sticky_breakpoint\":\"m\"},\"children\":[{\"type\":\"divider\",\"props\":{\"divider_element\":\"hr\"}}]}]},{\"type\":\"row\",\"props\":{\"layout\":\"3-4,1-4\"},\"children\":[{\"type\":\"column\",\"props\":{\"image_position\":\"center-center\",\"position_sticky_breakpoint\":\"m\",\"width_medium\":\"3-4\"},\"children\":[{\"type\":\"text\",\"props\":{\"column_breakpoint\":\"m\",\"content\":\"\n\n<h2>Membre : CHF 50.-<\/h2>\n\n\",\"margin_bottom\":\"default\",\"margin_top\":\"default\"}},{\"type\":\"image\",\"props\":{\"image\":\"\/wp-content\/uploads\/2026\/02\/HAB-QRCotisationMembre.png\",\"image_svg_color\":\"emphasis\",\"margin_bottom\":\"default\",\"margin_top\":\"default\"}}]},{\"type\":\"column\",\"props\":{\"image_position\":\"center-center\",\"position_sticky_breakpoint\":\"m\",\"width_medium\":\"1-4\"},\"children\":[{\"type\":\"text\",\"props\":{\"column_breakpoint\":\"m\",\"content\":\"\n\n<h2>PDF<\/h2>\n\n\",\"margin_bottom\":\"default\",\"margin_top\":\"default\"}},{\"type\":\"button\",\"props\":{\"grid_column_gap\":\"small\",\"grid_row_gap\":\"small\",\"margin_bottom\":\"default\",\"margin_top\":\"default\"},\"children\":[{\"type\":\"button_item\",\"props\":{\"button_style\":\"default\",\"content\":\"T\u00e9l\u00e9charger QR-Facture\",\"dialog_layout\":\"modal\",\"dialog_offcanvas_flip\":true,\"icon_align\":\"left\",\"link\":\"wp-content\/uploads\/2026\/02\/HAB-QRCotisationMembre.pdf\",\"link_target\":true,\"link_title\":\"T\u00e9l\u00e9charger version PDF\"}}]}]}]},{\"type\":\"row\",\"children\":[{\"type\":\"column\",\"props\":{\"image_position\":\"center-center\",\"position_sticky_breakpoint\":\"m\"},\"children\":[{\"type\":\"divider\",\"props\":{\"divider_element\":\"hr\"}}]}]},{\"type\":\"row\",\"props\":{\"layout\":\"3-4,1-4\"},\"children\":[{\"type\":\"column\",\"props\":{\"image_position\":\"center-center\",\"position_sticky_breakpoint\":\"m\",\"width_medium\":\"3-4\"},\"children\":[{\"type\":\"text\",\"props\":{\"column_breakpoint\":\"m\",\"content\":\"\n\n<h2>Ami de Joey : CHF 150.-<\/h2>\n\n\",\"margin_bottom\":\"default\",\"margin_top\":\"default\"}},{\"type\":\"image\",\"props\":{\"image\":\"\/wp-content\/uploads\/2026\/02\/HAB-QRCotisationAmiJoey.png\",\"image_svg_color\":\"emphasis\",\"margin_bottom\":\"default\",\"margin_top\":\"default\"}}]},{\"type\":\"column\",\"props\":{\"image_position\":\"center-center\",\"position_sticky_breakpoint\":\"m\",\"width_medium\":\"1-4\"},\"children\":[{\"type\":\"text\",\"props\":{\"column_breakpoint\":\"m\",\"content\":\"\n\n<h2>PDF<\/h2>\n\n\",\"margin_bottom\":\"default\",\"margin_top\":\"default\"}},{\"type\":\"button\",\"props\":{\"grid_column_gap\":\"small\",\"grid_row_gap\":\"small\",\"margin_bottom\":\"default\",\"margin_top\":\"default\"},\"children\":[{\"type\":\"button_item\",\"props\":{\"button_style\":\"default\",\"content\":\"T\u00e9l\u00e9charger QR-Facture\",\"dialog_layout\":\"modal\",\"dialog_offcanvas_flip\":true,\"icon_align\":\"left\",\"link\":\"wp-content\/uploads\/2026\/02\/HAB-QRCotisationAmiJoey.pdf\",\"link_target\":true,\"link_title\":\"T\u00e9l\u00e9charger version PDF\"}}]}]}]},{\"type\":\"row\",\"children\":[{\"type\":\"column\",\"props\":{\"image_position\":\"center-center\",\"position_sticky_breakpoint\":\"m\"},\"children\":[{\"type\":\"divider\",\"props\":{\"divider_element\":\"hr\"}}]}]},{\"type\":\"row\",\"props\":{\"layout\":\"3-4,1-4\"},\"children\":[{\"type\":\"column\",\"props\":{\"image_position\":\"center-center\",\"position_sticky_breakpoint\":\"m\",\"width_medium\":\"3-4\"},\"children\":[{\"type\":\"text\",\"props\":{\"column_breakpoint\":\"m\",\"content\":\"\n\n<h2>Famille : CHF 90.-<\/h2>\n\n\",\"margin_bottom\":\"default\",\"margin_top\":\"default\"}},{\"type\":\"image\",\"props\":{\"image\":\"\/wp-content\/uploads\/2026\/02\/HAB-QRCotisationFamille.png\",\"image_svg_color\":\"emphasis\",\"margin_bottom\":\"default\",\"margin_top\":\"default\"}}]},{\"type\":\"column\",\"props\":{\"image_position\":\"center-center\",\"position_sticky_breakpoint\":\"m\",\"width_medium\":\"1-4\"},\"children\":[{\"type\":\"text\",\"props\":{\"column_breakpoint\":\"m\",\"content\":\"\n\n<h2>PDF<\/h2>\n\n\",\"margin_bottom\":\"default\",\"margin_top\":\"default\"}},{\"type\":\"button\",\"props\":{\"grid_column_gap\":\"small\",\"grid_row_gap\":\"small\",\"margin_bottom\":\"default\",\"margin_top\":\"default\"},\"children\":[{\"type\":\"button_item\",\"props\":{\"button_style\":\"default\",\"content\":\"T\u00e9l\u00e9charger QR-Facture\",\"dialog_layout\":\"modal\",\"dialog_offcanvas_flip\":true,\"icon_align\":\"left\",\"link\":\"wp-content\/uploads\/2026\/02\/HAB-QRCotisationFamille.pdf\",\"link_target\":true,\"link_title\":\"T\u00e9l\u00e9charger version PDF\"}}]}]}]},{\"type\":\"row\",\"children\":[{\"type\":\"column\",\"props\":{\"image_position\":\"center-center\",\"position_sticky_breakpoint\":\"m\"},\"children\":[{\"type\":\"divider\",\"props\":{\"divider_element\":\"hr\"}}]}]},{\"type\":\"row\",\"props\":{\"layout\":\"3-4,1-4\"},\"children\":[{\"type\":\"column\",\"props\":{\"image_position\":\"center-center\",\"position_sticky_breakpoint\":\"m\",\"width_medium\":\"3-4\"},\"children\":[{\"type\":\"text\",\"props\":{\"column_breakpoint\":\"m\",\"content\":\"\n\n<h2>Donation libre<\/h2>\n\n\",\"margin_bottom\":\"default\",\"margin_top\":\"default\"}},{\"type\":\"image\",\"props\":{\"image\":\"wp-content\/uploads\/2025\/01\/QR_DonationLibre.webp\",\"image_svg_color\":\"emphasis\",\"margin_bottom\":\"default\",\"margin_top\":\"default\"}}]},{\"type\":\"column\",\"props\":{\"image_position\":\"center-center\",\"position_sticky_breakpoint\":\"m\",\"width_medium\":\"1-4\"},\"children\":[{\"type\":\"text\",\"props\":{\"column_breakpoint\":\"m\",\"content\":\"\n\n<h2>PDF<\/h2>\n\n\",\"margin_bottom\":\"default\",\"margin_top\":\"default\"}},{\"type\":\"button\",\"props\":{\"grid_column_gap\":\"small\",\"grid_row_gap\":\"small\",\"margin_bottom\":\"default\",\"margin_top\":\"default\"},\"children\":[{\"type\":\"button_item\",\"props\":{\"button_style\":\"default\",\"content\":\"T\u00e9l\u00e9charger QR-Facture\",\"dialog_layout\":\"modal\",\"dialog_offcanvas_flip\":true,\"icon_align\":\"left\",\"link\":\"wp-content\/uploads\/2025\/01\/QR_DonationLibre.pdf\",\"link_target\":true,\"link_title\":\"T\u00e9l\u00e9charger version PDF\"}}]}]}]},{\"type\":\"row\",\"children\":[{\"type\":\"column\",\"props\":{\"image_position\":\"center-center\",\"position_sticky_breakpoint\":\"m\"},\"children\":[{\"type\":\"divider\",\"props\":{\"divider_element\":\"hr\"}}]}]},{\"type\":\"row\",\"props\":{\"id\":\"banque\"},\"children\":[{\"type\":\"column\",\"props\":{\"image_position\":\"center-center\",\"position_sticky_breakpoint\":\"m\"},\"children\":[{\"type\":\"text\",\"props\":{\"column_breakpoint\":\"m\",\"content\":\"\n\n<h2>Coordonn\u00e9es bancaires<\/h2>\n\n\",\"margin_bottom\":\"default\",\"margin_top\":\"default\"}},{\"type\":\"text\",\"props\":{\"column_breakpoint\":\"m\",\"content\":\"\n\n<div class=\\\"uk-panel uk-margin\\\" data-id=\\\"page#0-0-0-5\\\" data-element=\\\"\\\">\\n\n\n<p style=\\\"text-align: center;\\\">Having a Ball : Joseph Barnes Ass. for Testicular Cancer Awareness<br \/>Banque Cantonale Neuch\u00e2teloise<br \/>CH-2001 Neuch\u00e2tel<\/p>\n\n\\n\n\n<p style=\\\"text-align: center;\\\">BIC \/ SWIFT : BCNNCH22XXX<br \/>IBAN : CH76 0076 6000 1042 2278 8<\/p>\n\n\\n<\/div>\n\n\",\"margin_bottom\":\"default\",\"margin_top\":\"default\",\"text_align\":\"center\"}}]}]}]}],\"version\":\"5.0.9\"} --><\/p>\n","protected":false},"excerpt":{"rendered":"<p>Merci de votre soutien ! Votre inscription a bien \u00e9t\u00e9 enregistr\u00e9e. Vous recevrez un e-mail de confirmation dans les prochaines heures. Veuillez verser votre cotisation sur le compte bancaire de l&rsquo;association au moyen des QR-Factures ci-dessous. En cas de paiement depuis l&rsquo;\u00e9tranger, vous trouverez les coordonn\u00e9es bancaires en bas de page Membre : CHF 50.- [&hellip;]<\/p>\n","protected":false},"author":3,"featured_media":0,"parent":0,"menu_order":0,"comment_status":"closed","ping_status":"closed","template":"","meta":{"footnotes":""},"class_list":["post-725","page","type-page","status-publish","hentry"],"_links":{"self":[{"href":"https:\/\/having1ball.ch\/index.php\/wp-json\/wp\/v2\/pages\/725","targetHints":{"allow":["GET"]}}],"collection":[{"href":"https:\/\/having1ball.ch\/index.php\/wp-json\/wp\/v2\/pages"}],"about":[{"href":"https:\/\/having1ball.ch\/index.php\/wp-json\/wp\/v2\/types\/page"}],"author":[{"embeddable":true,"href":"https:\/\/having1ball.ch\/index.php\/wp-json\/wp\/v2\/users\/3"}],"replies":[{"embeddable":true,"href":"https:\/\/having1ball.ch\/index.php\/wp-json\/wp\/v2\/comments?post=725"}],"version-history":[{"count":43,"href":"https:\/\/having1ball.ch\/index.php\/wp-json\/wp\/v2\/pages\/725\/revisions"}],"predecessor-version":[{"id":1996,"href":"https:\/\/having1ball.ch\/index.php\/wp-json\/wp\/v2\/pages\/725\/revisions\/1996"}],"wp:attachment":[{"href":"https:\/\/having1ball.ch\/index.php\/wp-json\/wp\/v2\/media?parent=725"}],"curies":[{"name":"wp","href":"https:\/\/api.w.org\/{rel}","templated":true}]}}