{"id":33,"date":"2024-04-17T12:50:52","date_gmt":"2024-04-17T12:50:52","guid":{"rendered":"https:\/\/new.having1ball.ch\/?page_id=33"},"modified":"2026-03-02T22:49:52","modified_gmt":"2026-03-02T21:49:52","slug":"projets","status":"publish","type":"page","link":"https:\/\/having1ball.ch\/index.php\/projets\/","title":{"rendered":"Projets &#8211; FR"},"content":{"rendered":"<h1>\n<h5>1 avril : Check yours balls day &#8211; EPFL &#8211; Lausanne<\/p>\n<p>11 juillet : stand d&rsquo;information NIFFF, Neuch\u00e2tel<\/h5>\n<h5>19 &amp; 26 ao\u00fbt, 2, 9 &amp; 16 septembre : Groupe E Tour, Fribourg<\/p>\n<p>29 ao\u00fbt : Tournoi de p\u00e9tanque<\/p>\n<p>4-6 septembre : Melantropia &#8211; Yverdon<\/h5>\n<div><\/div>\n<\/h1>\n<p><!--more--><br \/>\n<!-- {\"type\":\"layout\",\"children\":[{\"type\":\"section\",\"props\":{\"image_position\":\"center-center\",\"padding_bottom\":\"xsmall\",\"padding_top\":\"xsmall\",\"style\":\"default\",\"title_breakpoint\":\"xl\",\"title_position\":\"top-left\",\"title_rotation\":\"left\",\"vertical_align\":\"\",\"width\":\"default\"},\"children\":[{\"type\":\"row\",\"children\":[{\"type\":\"column\",\"props\":{\"image_position\":\"center-center\",\"position_sticky_breakpoint\":\"m\"},\"children\":[{\"type\":\"headline\",\"props\":{\"content\":\"\n\n<h5>1 avril : Check yours balls day - EPFL - Lausanne\n\n11 juillet : stand d'information NIFFF, Neuch\u00e2tel<\/h5>\n\n\\n\n\n<h5>19 &amp; 26 ao\u00fbt, 2, 9 &amp; 16 septembre : Groupe E Tour, Fribourg\n\n29 ao\u00fbt : Tournoi de p\u00e9tanque\n\n4-6 septembre : Melantropia - Yverdon<\/h5>\n\n\\n\n\n<div><\/div>\n\n\",\"image_align\":\"left\",\"image_margin\":\"xsmall\",\"title_element\":\"h1\"}}]}]}]}],\"version\":\"5.0.18\"} --><\/p>\n","protected":false},"excerpt":{"rendered":"<p>1 avril : Check yours balls day &#8211; EPFL &#8211; Lausanne 11 juillet : stand d&rsquo;information NIFFF, Neuch\u00e2tel 19 &amp; 26 ao\u00fbt, 2, 9 &amp; 16 septembre : Groupe E Tour, Fribourg 29 ao\u00fbt : Tournoi de p\u00e9tanque 4-6 septembre : Melantropia &#8211; Yverdon<\/p>\n","protected":false},"author":1,"featured_media":0,"parent":0,"menu_order":0,"comment_status":"closed","ping_status":"closed","template":"","meta":{"footnotes":""},"class_list":["post-33","page","type-page","status-publish","hentry"],"_links":{"self":[{"href":"https:\/\/having1ball.ch\/index.php\/wp-json\/wp\/v2\/pages\/33","targetHints":{"allow":["GET"]}}],"collection":[{"href":"https:\/\/having1ball.ch\/index.php\/wp-json\/wp\/v2\/pages"}],"about":[{"href":"https:\/\/having1ball.ch\/index.php\/wp-json\/wp\/v2\/types\/page"}],"author":[{"embeddable":true,"href":"https:\/\/having1ball.ch\/index.php\/wp-json\/wp\/v2\/users\/1"}],"replies":[{"embeddable":true,"href":"https:\/\/having1ball.ch\/index.php\/wp-json\/wp\/v2\/comments?post=33"}],"version-history":[{"count":20,"href":"https:\/\/having1ball.ch\/index.php\/wp-json\/wp\/v2\/pages\/33\/revisions"}],"predecessor-version":[{"id":2364,"href":"https:\/\/having1ball.ch\/index.php\/wp-json\/wp\/v2\/pages\/33\/revisions\/2364"}],"wp:attachment":[{"href":"https:\/\/having1ball.ch\/index.php\/wp-json\/wp\/v2\/media?parent=33"}],"curies":[{"name":"wp","href":"https:\/\/api.w.org\/{rel}","templated":true}]}}