{"id":1921,"date":"2026-01-17T18:21:42","date_gmt":"2026-01-17T17:21:42","guid":{"rendered":"https:\/\/having1ball.ch\/?page_id=1921"},"modified":"2026-01-18T11:04:20","modified_gmt":"2026-01-18T10:04:20","slug":"cancro-al-testicolo","status":"publish","type":"page","link":"https:\/\/having1ball.ch\/index.php\/it\/cancro-al-testicolo\/","title":{"rendered":"Cancer du testicule &#8211; IT"},"content":{"rendered":"<h1>\n<h1 class=\"font_0 wixui-rich-text__text\">Cancro al testicolo<\/h1>\n<\/h1>\n<div>\n<h3>Cos&rsquo;\u00e8 il cancro al testicolo?<\/h3>\n<div>\n<p>Il cancro al testicolo \u00e8 una malattia per cui un cancro si sviluppa in uno dei due testicoli. Accade quando le cellule germinali conosco una crescita anomala, formando una massa do cellule chiamata tumore che inizia ad invadere gli altri tessuti.<\/p>\n<p>Il cancro al testicolo non \u00e8 un cancro comune. Pu\u00f2 toccare uomini di tutte le et\u00e0, ma statisticamente la fascia d&rsquo;et\u00e0 pi\u00f9 colpita \u00e8 tra i 15 e i 45 anni.<\/p>\n<p>Il cancro al testicolo pu\u00f2 creare metastasi, quando accade si diffonde nel corpo attraverso i vasi sanguigni e il sistema linfatico formando nuovi tumori. Solitamente si diffonde nell&rsquo;addome, il fegato, i polmoni, le ossa e il cervello. \u00c8Fondamentale identicerlo presto, in quanto cresce rapidamente e pu\u00f2 raddoppiare di taglia nel giro di 10-30 giorni. \u00c8 fatale se non trattato.<\/p>\n<p>Ciononostante, anche quando si diffonde in altre parti del corpo, risponde bene alle terapie. La terapia dipende dal tipo di cancro e da quando si \u00e8 diffuso. Comunemente i trattamenti includono chirurgia, chemioterapia e radioterapia.<\/p>\n<p>I casi di cancro al testicolo sono in aumento: in svizzera vi sono circa 470 nuovi casi ogni anno.<\/p>\n<\/div>\n<\/div>\n<hr>\n<h1>\n<h5>Fattori di rischio<\/h5>\n<\/h1>\n<div>\n<p><span class=\"wixui-rich-text__text\"><span class=\"color_37 wixui-rich-text__text\">\u2022 Criptorchidismo (testicolo non sceso)<br \/>\u2022 Dei precedenti di cancro al testicolo<br \/>\u2022 Fattori ereditari.<br \/><\/span><\/span><\/p>\n<\/div>\n<hr>\n<div>\n<h3>Sintomi<\/h3>\n<div>\n<p>I sintomi specifici includono:<br \/>\u2022 un testicolo gonfio o ingrossato (solitamente indolore);<br \/>\u2022 presenza di un nodulo o di una regione indurita (solitamente indolore);<br \/>\u2022 una sensazione di tensione o pesantezza nel testicolo o nella zona inguinale;<br \/>\u2022 an area in the testicle that is sensitive to touch<br \/>\u2022 ingrossamento delle ghiandole mammarie (alcune tipologie di cancro al testicolo possono causare la secrezione di ormoni femminili).<br \/>Sintomi generali possibili:<br \/>\u2022 fatica, perdita di vitalit\u00e0;<br \/>\u2022 mancanza di appetito, nausea;<br \/>\u2022 perdita di peso;<br \/>\u2022\u00a0mal di schiena;<br \/>\u2022 difficolt\u00e0 respiratorie.<\/p>\n<p>NEL COSO DI SEGNI O SINTOMI POTENZIALMENTE LEGATO AD UN CANCRO AL TESTICOLO, CONSULTA IMMEDIATEMENTE UN MEDICO.<\/p>\n<\/div>\n<\/div>\n<hr>\n<p><img decoding=\"async\" src=\"\/wp-content\/uploads\/2024\/07\/AucoCheck_EN.webp\" alt=\"\"><\/p>\n<div>\n<p><a href=\"https:\/\/www.youtube.com\/watch?v=PphL6YLTD3U&amp;t=29s\">Auto-Examen<\/a> Watch on YouTube<\/p>\n<\/div>\n<ul>\n<li>\n<h3>Diagnosi<\/h3>\n<div>\n<p>Com&rsquo;\u00e8 diagnosticato il cancro al testicolo?<\/p>\n<p>STORIA MEDICA E ESAMINAZIONE FISICA<\/p>\n<p>Il primo passo consiste in un analisi completa della storia medica, una verifica dei fattori di rischio ed eventuali sintomi. Poi, durante l&rsquo;esame fisico, il dottore palpa il testicolo al fine d&rsquo;indentificare qualsiasi anormalit\u00e0, come un&rsquo;ingrossamento o la presenza di uno o pi\u00f9 noduli. Viene esaminato anche l&rsquo;addome, alla ricerca di linfonodi ingrossati che potrebbe indicare una diffusione del cancro nel sistema linfatico.<\/p>\n<p>ECOGRAFIA<\/p>\n<p>Nel caso della presenza di una massa o di un nodulo, \u00e8 necessario effettuare un ecografia del testicolo al fine di determinare quest&rsquo;ultima \u00e8 cancerogena o meno. L&rsquo;ecografia utilizza gli ultrasuoni per creare un \u00ab\u00a0eco\u00a0\u00bb degli organi interni. La forma degli \u00ab\u00a0echi\u00a0\u00bb riflessi pu\u00f2 essere usata per distinguere eventuali masse maligne da un idrocele. Se il tumore \u00e8 solido, molto probabilmente \u00e8 maligno.<\/p>\n<p>TEST DEL SANGUE<\/p>\n<p>Spesso un esame del sangue \u00e8 utile nella diagnosi di un cancro al testicolo. In effetti alcune tipologie di cancro al testicolo provocano la secrezione in quantit\u00e0 elevata di certe proteine, conosciute come \u00ab\u00a0marker\u00a0\u00bb del tumore.<\/p>\n<\/div>\n<\/li>\n<li>\n<h3>Trattamento<\/h3>\n<div>\n<p>Io cancro al testicolo ha buone probabilit\u00e0 di essere curato, sia nello stadio preliminare che quelli pi\u00f9 avanzati con la presenza di metastasi.<\/p>\n<p>CHIRURGIA<\/p>\n<p>Una volta confermata la diagnosi, il testicolo interessato \u00e8 rimosso attraverso un orchidectomia (rimozione chirurgica del testicolo). Una volta rimosso \u00e8 inviato ad un laboratorio per l&rsquo;analisi degli eventuali tumori.<\/p>\n<p>CHEMIOTERAPIA<\/p>\n<p>La chemioterapia utilizzata dei medicamenti potenti per uccidere le cellule cancerogene. Solitamente viene effettuata dopo la rimozione del testicolo. La chemioterapia si diffonde in tutto il corpo \u00e8 distrugge le cellule cancerogene che si sono diffuse oltre il testicolo.<\/p>\n<p>La chemioterapia pu\u00f2 causare un arresto della produzione di schermo, nella pi\u00f9 parte dei casi la produzione riprende gradualmente una volta terminato il trattamento. Se e quando vi \u00e8 un rischio di perdita permanente della produzione di sperma, la raccolta \u00e8 la conservazione di quest&rsquo;ultimo prima della chemioterapia devono essere prese in considerazione.<\/p>\n<\/div>\n<\/li>\n<\/ul>\n<p><!--more--><br \/>\n<!-- {\"type\":\"layout\",\"children\":[{\"type\":\"section\",\"props\":{\"image_position\":\"center-center\",\"padding_bottom\":\"xsmall\",\"padding_top\":\"xsmall\",\"style\":\"default\",\"title_breakpoint\":\"xl\",\"title_position\":\"top-left\",\"title_rotation\":\"left\",\"vertical_align\":\"\",\"width\":\"default\"},\"children\":[{\"type\":\"row\",\"children\":[{\"type\":\"column\",\"props\":{\"image_position\":\"center-center\",\"position_sticky_breakpoint\":\"m\"},\"children\":[{\"type\":\"headline\",\"props\":{\"content\":\"\n\n<h1 class=\\\"font_0 wixui-rich-text__text\\\">Cancro al testicolo<\/h1>\n\n\",\"image_align\":\"left\",\"image_margin\":\"xsmall\",\"title_element\":\"h1\"}}]}]},{\"type\":\"row\",\"children\":[{\"type\":\"column\",\"props\":{\"image_position\":\"center-center\",\"position_sticky_breakpoint\":\"m\"},\"children\":[{\"type\":\"accordion\",\"props\":{\"collapsible\":true,\"content_column_breakpoint\":\"m\",\"content_dropcap\":false,\"image_align\":\"top\",\"image_grid_breakpoint\":\"m\",\"image_grid_width\":\"1-2\",\"image_svg_color\":\"emphasis\",\"link_style\":\"default\",\"link_text\":\"Lire plus\",\"multiple\":false,\"show_image\":true,\"show_link\":true},\"children\":[{\"type\":\"accordion_item\",\"props\":{\"content\":\"\n\n<p>Il cancro al testicolo \u00e8 una malattia per cui un cancro si sviluppa in uno dei due testicoli. Accade quando le cellule germinali conosco una crescita anomala, formando una massa do cellule chiamata tumore che inizia ad invadere gli altri tessuti.<\/p>\n\n\\n\n\n<p>Il cancro al testicolo non \u00e8 un cancro comune. Pu\u00f2 toccare uomini di tutte le et\u00e0, ma statisticamente la fascia d'et\u00e0 pi\u00f9 colpita \u00e8 tra i 15 e i 45 anni.<\/p>\n\n\\n\n\n<p>Il cancro al testicolo pu\u00f2 creare metastasi, quando accade si diffonde nel corpo attraverso i vasi sanguigni e il sistema linfatico formando nuovi tumori. Solitamente si diffonde nell'addome, il fegato, i polmoni, le ossa e il cervello. \u00c8Fondamentale identicerlo presto, in quanto cresce rapidamente e pu\u00f2 raddoppiare di taglia nel giro di 10-30 giorni. \u00c8 fatale se non trattato.<\/p>\n\n\\n\n\n<p>Ciononostante, anche quando si diffonde in altre parti del corpo, risponde bene alle terapie. La terapia dipende dal tipo di cancro e da quando si \u00e8 diffuso. Comunemente i trattamenti includono chirurgia, chemioterapia e radioterapia.<\/p>\n\n\\n\n\n<p>I casi di cancro al testicolo sono in aumento: in svizzera vi sono circa 470 nuovi casi ogni anno.<\/p>\n\n\",\"title\":\"Cos'\u00e8 il cancro al testicolo?\"}}]},{\"type\":\"divider\",\"props\":{\"divider_element\":\"hr\"}},{\"type\":\"headline\",\"props\":{\"content\":\"\n\n<h5>Fattori di rischio<\/h5>\n\n\",\"image_align\":\"left\",\"image_margin\":\"xsmall\",\"title_element\":\"h1\"}},{\"type\":\"text\",\"props\":{\"column_breakpoint\":\"m\",\"content\":\"\n\n<p><span class=\\\"wixui-rich-text__text\\\"><span class=\\\"color_37 wixui-rich-text__text\\\">\u2022 Criptorchidismo (testicolo non sceso)<br \/>\u2022 Dei precedenti di cancro al testicolo<br \/>\u2022 Fattori ereditari.<br \/><\/span><\/span><\/p>\n\n\",\"margin_bottom\":\"remove\",\"margin_top\":\"default\"}},{\"type\":\"divider\",\"props\":{\"divider_element\":\"hr\"}},{\"type\":\"accordion\",\"props\":{\"collapsible\":true,\"content_column_breakpoint\":\"m\",\"content_dropcap\":false,\"image_align\":\"top\",\"image_grid_breakpoint\":\"m\",\"image_grid_width\":\"1-2\",\"image_svg_color\":\"emphasis\",\"link_style\":\"default\",\"link_text\":\"Lire plus\",\"multiple\":false,\"show_image\":true,\"show_link\":true},\"children\":[{\"type\":\"accordion_item\",\"props\":{\"content\":\"\n\n<p>I sintomi specifici includono:<br \/>\u2022 un testicolo gonfio o ingrossato (solitamente indolore);<br \/>\u2022 presenza di un nodulo o di una regione indurita (solitamente indolore);<br \/>\u2022 una sensazione di tensione o pesantezza nel testicolo o nella zona inguinale;<br \/>\u2022 an area in the testicle that is sensitive to touch<br \/>\u2022 ingrossamento delle ghiandole mammarie (alcune tipologie di cancro al testicolo possono causare la secrezione di ormoni femminili).<br \/>Sintomi generali possibili:<br \/>\u2022 fatica, perdita di vitalit\u00e0;<br \/>\u2022 mancanza di appetito, nausea;<br \/>\u2022 perdita di peso;<br \/>\u2022\u00a0mal di schiena;<br \/>\u2022 difficolt\u00e0 respiratorie.<\/p>\n\n\\n\n\n<p>NEL COSO DI SEGNI O SINTOMI POTENZIALMENTE LEGATO AD UN CANCRO AL TESTICOLO, CONSULTA IMMEDIATEMENTE UN MEDICO.<\/p>\n\n\",\"title\":\"Sintomi\"}}]},{\"type\":\"divider\",\"props\":{\"divider_element\":\"hr\"}},{\"type\":\"image\",\"props\":{\"image\":\"wp-content\/uploads\/2024\/07\/AucoCheck_EN.webp\",\"image_svg_color\":\"emphasis\",\"margin_bottom\":\"default\",\"margin_top\":\"default\",\"text_align\":\"center\"}},{\"type\":\"text\",\"props\":{\"column_breakpoint\":\"m\",\"content\":\"\n\n<p><a href=\\\"https:\/\/www.youtube.com\/watch?v=PphL6YLTD3U&amp;t=29s\\\">Auto-Examen<\/a> Watch on YouTube<\/p>\n\n\",\"margin_bottom\":\"default\",\"margin_top\":\"default\"}},{\"type\":\"accordion\",\"props\":{\"collapsible\":true,\"content_column_breakpoint\":\"m\",\"image_align\":\"top\",\"image_grid_breakpoint\":\"m\",\"image_grid_width\":\"1-2\",\"image_svg_color\":\"emphasis\",\"link_style\":\"default\",\"link_text\":\"Read more\",\"show_image\":true,\"show_link\":true},\"children\":[{\"type\":\"accordion_item\",\"props\":{\"content\":\"\n\n<p>Com'\u00e8 diagnosticato il cancro al testicolo?<\/p>\n\n\\n\n\n<p>STORIA MEDICA E ESAMINAZIONE FISICA<\/p>\n\n\\n\n\n<p>Il primo passo consiste in un analisi completa della storia medica, una verifica dei fattori di rischio ed eventuali sintomi. Poi, durante l'esame fisico, il dottore palpa il testicolo al fine d'indentificare qualsiasi anormalit\u00e0, come un'ingrossamento o la presenza di uno o pi\u00f9 noduli. Viene esaminato anche l'addome, alla ricerca di linfonodi ingrossati che potrebbe indicare una diffusione del cancro nel sistema linfatico.<\/p>\n\n\\n\n\n<p>ECOGRAFIA<\/p>\n\n\\n\n\n<p>Nel caso della presenza di una massa o di un nodulo, \u00e8 necessario effettuare un ecografia del testicolo al fine di determinare quest'ultima \u00e8 cancerogena o meno. L'ecografia utilizza gli ultrasuoni per creare un \\\"eco\\\" degli organi interni. La forma degli \\\"echi\\\" riflessi pu\u00f2 essere usata per distinguere eventuali masse maligne da un idrocele. Se il tumore \u00e8 solido, molto probabilmente \u00e8 maligno.<\/p>\n\n\\n\n\n<p>TEST DEL SANGUE<\/p>\n\n\\n\n\n<p>Spesso un esame del sangue \u00e8 utile nella diagnosi di un cancro al testicolo. In effetti alcune tipologie di cancro al testicolo provocano la secrezione in quantit\u00e0 elevata di certe proteine, conosciute come \\\"marker\\\" del tumore.<\/p>\n\n\",\"title\":\"Diagnosi\"}},{\"type\":\"accordion_item\",\"props\":{\"content\":\"\n\n<p>Io cancro al testicolo ha buone probabilit\u00e0 di essere curato, sia nello stadio preliminare che quelli pi\u00f9 avanzati con la presenza di metastasi.<\/p>\n\n\\n\n\n<p>CHIRURGIA<\/p>\n\n\\n\n\n<p>Una volta confermata la diagnosi, il testicolo interessato \u00e8 rimosso attraverso un orchidectomia (rimozione chirurgica del testicolo). Una volta rimosso \u00e8 inviato ad un laboratorio per l'analisi degli eventuali tumori.<\/p>\n\n\\n\n\n<p>CHEMIOTERAPIA<\/p>\n\n\\n\n\n<p>La chemioterapia utilizzata dei medicamenti potenti per uccidere le cellule cancerogene. Solitamente viene effettuata dopo la rimozione del testicolo. La chemioterapia si diffonde in tutto il corpo \u00e8 distrugge le cellule cancerogene che si sono diffuse oltre il testicolo.<\/p>\n\n\\n\n\n<p>La chemioterapia pu\u00f2 causare un arresto della produzione di schermo, nella pi\u00f9 parte dei casi la produzione riprende gradualmente una volta terminato il trattamento. Se e quando vi \u00e8 un rischio di perdita permanente della produzione di sperma, la raccolta \u00e8 la conservazione di quest'ultimo prima della chemioterapia devono essere prese in considerazione.<\/p>\n\n\",\"title\":\"Trattamento\"}}]}]}]}],\"name\":\"Le Cancer\"}],\"version\":\"5.0.3\"} --><\/p>\n","protected":false},"excerpt":{"rendered":"<p>Cancro al testicolo Cos&rsquo;\u00e8 il cancro al testicolo? Il cancro al testicolo \u00e8 una malattia per cui un cancro si sviluppa in uno dei due testicoli. Accade quando le cellule germinali conosco una crescita anomala, formando una massa do cellule chiamata tumore che inizia ad invadere gli altri tessuti. Il cancro al testicolo non \u00e8 [&hellip;]<\/p>\n","protected":false},"author":3,"featured_media":0,"parent":0,"menu_order":0,"comment_status":"closed","ping_status":"closed","template":"","meta":{"footnotes":""},"class_list":["post-1921","page","type-page","status-publish","hentry"],"_links":{"self":[{"href":"https:\/\/having1ball.ch\/index.php\/wp-json\/wp\/v2\/pages\/1921","targetHints":{"allow":["GET"]}}],"collection":[{"href":"https:\/\/having1ball.ch\/index.php\/wp-json\/wp\/v2\/pages"}],"about":[{"href":"https:\/\/having1ball.ch\/index.php\/wp-json\/wp\/v2\/types\/page"}],"author":[{"embeddable":true,"href":"https:\/\/having1ball.ch\/index.php\/wp-json\/wp\/v2\/users\/3"}],"replies":[{"embeddable":true,"href":"https:\/\/having1ball.ch\/index.php\/wp-json\/wp\/v2\/comments?post=1921"}],"version-history":[{"count":2,"href":"https:\/\/having1ball.ch\/index.php\/wp-json\/wp\/v2\/pages\/1921\/revisions"}],"predecessor-version":[{"id":1965,"href":"https:\/\/having1ball.ch\/index.php\/wp-json\/wp\/v2\/pages\/1921\/revisions\/1965"}],"wp:attachment":[{"href":"https:\/\/having1ball.ch\/index.php\/wp-json\/wp\/v2\/media?parent=1921"}],"curies":[{"name":"wp","href":"https:\/\/api.w.org\/{rel}","templated":true}]}}