{"id":1906,"date":"2026-01-17T17:33:59","date_gmt":"2026-01-17T16:33:59","guid":{"rendered":"https:\/\/having1ball.ch\/?page_id=1906"},"modified":"2026-02-10T10:33:34","modified_gmt":"2026-02-10T09:33:34","slug":"la-storia-di-joey","status":"publish","type":"page","link":"https:\/\/having1ball.ch\/index.php\/it\/la-storia-di-joey\/","title":{"rendered":"La storia di Joey &#8211; IT"},"content":{"rendered":"<h1>La storia di Joey<\/h1>\n<div>\n<div id=\"comp-ll3qwfsb\" class=\"HcOXKn c9GqVL QxJLC3 ONIxfn comp-ll3qwfsb wixui-rich-text\" data-testid=\"richTextElement\">\n<div id=\"comp-ll9zwhea1\" class=\"HcOXKn c9GqVL QxJLC3 comp-ll9zwhea1 wixui-rich-text\" data-testid=\"richTextElement\">\n<p>Joey \u00e8 nato e cresciuto a Neuch\u00e2tel, in Svizzera, ma ha scelto di non diventare cittadino svizzero e conservare solo il passaporto canadese, ottenuto grazie a suo padre, originario di Edmonton, Alberta. Sebbene abbia studiato principalmente in francese e sia perfettamente bilingue, considerava l&rsquo;inglese la sua prima lingua.<\/p>\n<p>Dopo un&rsquo;infanzia e un&rsquo;adolescenza felici, una volta conseguito il diploma di scuola superiore, Joey decise di seguire le orme di suo padre e di dedicarsi alla scienza. Ma n\u00e9 la fisica n\u00e9, in seguito, i suoi studi in scienze politiche ed economia lo entusiasmarono abbastanza da continuare. Da sempre appassionato di cinema, il suo sogno si avver\u00f2 quando venne ammesso alla Metropolitan Film School di Londra. Gli anni trascorsi l\u00ec furono tra i pi\u00f9 felici della sua vita adulta.<\/p>\n<p>Tornato in Svizzera, lavor\u00f2 per otto anni come conduttore radiofonico e DJ, realizzando centinaia d\u2019interviste e diventando una figura molto nota nella zona. Svolse anche numerosi lavori di doppiaggio per vari supermercati, IKEA, aziende produttrici di orologi, ospedali ecc. Aveva una voce magnifica, profonda e chiara, che sfruttava anche per hobby, come cantante di una band. Anche il suo lavoro al Neuch\u00e2tel International Fantastic Film Festival (NIFFF) \u00e8 sempre stato molto apprezzato. Era decisamente nel suo elemento quando trascorreva del tempo con registi hollywoodiani famosi come David Cronenberg, Kevin Smith, George R.R. Martin, solo per citarne alcuni. Insieme al suo caro amico Nico ha scritto e diretto diversi cortometraggi e girato un documentario a Bali. Era sempre molto divertente e aveva un fedele seguito per i suoi numerosi selfie autoironici e spiritosi su Facebook.<\/p><\/div>\n<\/div>\n<\/div>\n<ul>\n<li>\n<p>        <img decoding=\"async\" src=\"\/wp-content\/uploads\/2024\/04\/5e4b48_2a9077967de2478fbf55997aa45c1ee9mv2.webp\" alt=\"\"><\/p>\n<\/li>\n<li>\n<p>        <img decoding=\"async\" src=\"\/wp-content\/uploads\/2024\/04\/5e4b48_fef788d550e3409286fccb7e31bcabeemv2.webp\" alt=\"\"><\/p>\n<\/li>\n<li>\n<p>        <img decoding=\"async\" src=\"\/wp-content\/uploads\/2024\/04\/5e4b48_d7a4cdcaf5694e829a4c032205b447f0mv2.webp\" alt=\"\"><\/p>\n<\/li>\n<\/ul>\n<div>\n<p>Durante il periodo del Covid vedevamo Joey meno del solito, pur vivendo nella stessa zona. Era molto rigoroso perch\u00e9 non voleva contagiare inavvertitamente suo padre e me. Nei primi mesi del 2021 sembrava un po&rsquo; stanco e di tanto in tanto si lamentava del mal di schiena, ma pensava fosse solo perch\u00e9 non faceva abbastanza esercizio fisico.<\/p>\n<p>Poi, un giorno, il nostro mondo \u00e8 cambiato in un attimo. Il 26 giugno 2021 Joey \u00e8 venuto a casa nostra per un caff\u00e8 e ci ha dato la notizia devastante: gli era appena stato diagnosticato un cancro. Il processo diagnostico era stato molto rapido: dopo essere andato al pronto soccorso per il mal di schiena e aver menzionato un nodulo che aveva notato in uno dei testicoli alcuni mesi prima, era stato immediatamente sottoposto a uno scan. Se n&rsquo;era dimenticato, a causa dei dolori alla schiena. Il giorno seguente, il suo urologo gli ha dato la notizia: cancro ai testicoli. Poich\u00e9 la chemioterapia pu\u00f2 rendere sterili, ha fatto congelare il suo sperma. Anche se all&rsquo;epoca era single, non voleva escludere la possibilit\u00e0 di avere un figlio. E tutto ci\u00f2 andava fatto in fretta, poich\u00e9 una settimana dopo la diagnosi ha subito un&rsquo;orchiectomia.<\/p>\n<p>All&rsquo;inizio eravamo fiduciosi che avrebbe sconfitto la malattia, nonostante i risultati dei test mostrassero metastasi ai polmoni, al fegato e alla colonna vertebrale. Il cancro ai testicoli metastatico ha comunque un&rsquo;ottima prognosi di guarigione, quindi Joey ha chiesto alla sua famiglia e ai suoi amici di rimanere positivi per lui. Ovviamente eravamo distrutti, ma ho cercato di non piangere mai davanti a lui.<\/p>\n<p>Ha reagito molto bene ai primi tre mesi di chemioterapia, senza quasi alcun effetto collaterale, a parte la stanchezza e un sapore metallico in bocca. La nausea \u00e8 stata tenuta a bada con i farmaci. Si considerava fortunato. Quando ha terminato il primo ciclo di trattamento e la PET ha mostrato che i tumori si erano notevolmente ridotti, eravamo tutti al settimo cielo. Il passo successivo era l&rsquo;intervento chirurgico RPLND (linfoadenectomia retroperitoneale), che consiste nella rimozione dei linfonodi dell&rsquo;addome per impedire l&rsquo;ulteriore diffusione del cancro.<\/p>\n<\/div>\n<ul>\n<li>\n<p>        <img decoding=\"async\" src=\"\/wp-content\/uploads\/2024\/04\/5e4b48_be646882e1144c918f022795be2162f9mv2.webp\" alt=\"\"><\/p>\n<\/li>\n<li>\n<p>        <img decoding=\"async\" src=\"\/wp-content\/uploads\/2024\/04\/5e4b48_240486913e054256822330f7c407da9emv2.webp\" alt=\"\"><\/p>\n<\/li>\n<\/ul>\n<div>\n<div id=\"comp-llgtfn1b\" class=\"HcOXKn c9GqVL QxJLC3 ONIxfn comp-llgtfn1b wixui-rich-text\" data-testid=\"richTextElement\">\n<div id=\"comp-llguh4x7\" class=\"HcOXKn c9GqVL QxJLC3 comp-llguh4x7 wixui-rich-text\" data-testid=\"richTextElement\">\n<p>Quell&rsquo;autunno, l\u2019attesa per effetuare l\u2019intervento all&rsquo;ospedale universitario di Berna fu lunga, forse prolungata dalle restrizioni Covid. Fu ricoverato il 3 gennaio, ma all&rsquo;ultimo momento l&rsquo;intervento fu annullato, perch\u00e9 un esame finale rivel\u00f2 la presenza di un grosso tumore al polmone. Una parte del tumore fu asportata insieme a una porzione del lobo polmonare sinistro. Fu quindi programmato un secondo ciclo di chemioterapia.<\/p>\n<p>Purtroppo, nonostante ulteriori interventi chirurgici, 4 tipi di chemioterapia, un trapianto autologo di cellule staminali, cinque giorni in coma farmacologico e pi\u00f9 di 100 giorni trascorsi in 5 diversi ospedali, i tumori si sono infine diffusi al cervello. Pur sapendo che il suo cancro era terminale, ha deciso di sottoporsi a radioterapia per cauterizzare i tumori. Speravamo che questo potesse fargli guadagnare un po&rsquo; di tempo in un centro di cure palliative, alleviando il suo dolore. Durante l&rsquo;ultima settimana della sua vita ha ricevuto dosi elevate di fentanil, che gli hanno concesso un certo benessere e uscite quotidiane nel giardino dell&rsquo;ospedale con la sua famiglia e i suoi amici. Quei giorni sono stati un regalo che nessuno di noi dimenticher\u00e0 mai. Purtroppo, Joey non \u00e8 mai arrivato al centro di cure palliative. Suo padre, suo fratello ed io eravamo al suo fianco in ospedale quando \u00e8 morto serenamente il 13 ottobre 2022.<\/p><\/div>\n<\/div>\n<\/div>\n<div>\n<p>    <img decoding=\"async\" src=\"\/wp-content\/uploads\/2024\/04\/5e4b48_2836a8b96b0f49f79f4cb647288d2d2bmv2.webp\" alt=\"\"><\/p>\n<\/div>\n<div>\n<p>La forza di Joey durante gran parte della sua battaglia \u00e8 stata incredibile. Naturalmente, durante i 16 mesi di malattia ci sono stati giorni bui, poich\u00e9 ha subito numerosi interventi dolorosi ed ha avuto diverse infezioni a causa dell&rsquo;indebolimento del suo sistema immunitario. Tuttavia, Joey \u00e8 rimasto una persona positiva. Oltre a suo padre, suo fratello e me, aveva tutti i suoi amici attorno a lui.<\/p>\n<\/p>\n<p>Anche i podcast, creati con il suo caro amico Andreas per documentare il suo percorso contro il cancro, gli hanno dato molta forza. Il brillante senso dell&rsquo;umorismo di Joey, suo tratto distintivo da sempre, lo ha aiutato molto. I podcast hanno ispirato persone in tutto il mondo, grazie ai loro contenuti informativi e coraggiosi, e ai loro esilaranti riferimenti a film, musica e cultura pop. Per tutti coloro che li hanno seguiti, l&rsquo;alchimia tra Joey e Andreas \u00e8 stata evidente fin dal primo episodio. Quell&rsquo;anno, Andreas ha fatto pi\u00f9 volte il viaggio dalla Norvegia alla Svizzera per stare con il suo amico.<\/p>\n<p>Inoltre, grazie ai contatti di Joey nel mondo dei media e alla sua vasta rete di amici, la sua storia \u00e8 stata ampiamente trattata da radio, giornali, televisione e quotidiani svizzeri. Uno dei principali motivi di questo interesse era la sua autoironia, alla faccia del cancro.<\/p>\n<p>L&rsquo;ultima puntata di Having a Ball \u00e8 stata registrata in ospedale, solo 6 giorni prima della morte di Joey. Durante la registrazione ha detto che, se avesse potuto impedire anche solo a un altro giovane di passare quello che aveva passato lui, allora la sua morte avrebbe avuto un senso. Come famiglia, abbiamo sentito il dovere di continuare, semplicemente, ci\u00f2 che lui aveva gi\u00e0 cominciato.<\/p>\n<p>Se Joey avesse ricevuto prima la diagnosi, chiss\u00e0, forse avrebbe potuto sconfiggere il cancro&#8230;<\/p>\n<p>Quindi, se sei un giovane uomo \u2013 o hai un fidanzato, un marito, un figlio o un fratello, o se semplicemente vuoi partecipare \u2013 diventa membro di Having a Ball, l&rsquo;associazione Joseph Barnes per la sensibilizzazione sul cancro ai testicoli, e aiutaci a diffondere il messaggio! Insieme possiamo ottenere grandi risultati e dare un senso alla tragica morte di mio figlio!<\/p>\n<p>Ha lasciato un segno indelebile su moltissime persone. Non sar\u00e0 mai dimenticato.<\/p>\n<\/div>\n<div>\n<p>Annemarie, mamma di Joey, agosto 2023<\/p>\n<\/div>\n<p><!--more--><br \/>\n<!-- {\"type\":\"layout\",\"children\":[{\"type\":\"section\",\"props\":{\"image_position\":\"center-center\",\"padding_bottom\":\"none\",\"padding_top\":\"xsmall\",\"style\":\"default\",\"title_breakpoint\":\"xl\",\"title_position\":\"top-left\",\"title_rotation\":\"left\",\"vertical_align\":\"\",\"width\":\"default\"},\"children\":[{\"type\":\"row\",\"children\":[{\"type\":\"column\",\"props\":{\"image_position\":\"center-center\",\"position_sticky_breakpoint\":\"m\"},\"children\":[{\"type\":\"headline\",\"props\":{\"content\":\"La storia di Joey\",\"image_align\":\"left\",\"image_margin\":\"xsmall\",\"title_element\":\"h1\"}},{\"type\":\"text\",\"props\":{\"column_breakpoint\":\"m\",\"content\":\"\n\n<div id=\\\"comp-ll3qwfsb\\\" class=\\\"HcOXKn c9GqVL QxJLC3 ONIxfn comp-ll3qwfsb wixui-rich-text\\\" data-testid=\\\"richTextElement\\\">\\n\n\n<div id=\\\"comp-ll9zwhea1\\\" class=\\\"HcOXKn c9GqVL QxJLC3 comp-ll9zwhea1 wixui-rich-text\\\" data-testid=\\\"richTextElement\\\">\\n\n\n<p>Joey \u00e8 nato e cresciuto a Neuch\u00e2tel, in Svizzera, ma ha scelto di non diventare cittadino svizzero e conservare solo il passaporto canadese, ottenuto grazie a suo padre, originario di Edmonton, Alberta. Sebbene abbia studiato principalmente in francese e sia perfettamente bilingue, considerava l'inglese la sua prima lingua.<\/p>\n\n\\n\n\n<p>Dopo un'infanzia e un'adolescenza felici, una volta conseguito il diploma di scuola superiore, Joey decise di seguire le orme di suo padre e di dedicarsi alla scienza. Ma n\u00e9 la fisica n\u00e9, in seguito, i suoi studi in scienze politiche ed economia lo entusiasmarono abbastanza da continuare. Da sempre appassionato di cinema, il suo sogno si avver\u00f2 quando venne ammesso alla Metropolitan Film School di Londra. Gli anni trascorsi l\u00ec furono tra i pi\u00f9 felici della sua vita adulta.<\/p>\n\n\\nTornato in Svizzera, lavor\u00f2 per otto anni come conduttore radiofonico e DJ, realizzando centinaia d\u2019interviste e diventando una figura molto nota nella zona. Svolse anche numerosi lavori di doppiaggio per vari supermercati, IKEA, aziende produttrici di orologi, ospedali ecc. Aveva una voce magnifica, profonda e chiara, che sfruttava anche per hobby, come cantante di una band. Anche il suo lavoro al Neuch\u00e2tel International Fantastic Film Festival (NIFFF) \u00e8 sempre stato molto apprezzato. Era decisamente nel suo elemento quando trascorreva del tempo con registi hollywoodiani famosi come David Cronenberg, Kevin Smith, George R.R. Martin, solo per citarne alcuni. Insieme al suo caro amico Nico ha scritto e diretto diversi cortometraggi e girato un documentario a Bali. Era sempre molto divertente e aveva un fedele seguito per i suoi numerosi selfie autoironici e spiritosi su Facebook.<\/div>\n\n\\n<\/div>\n\n\",\"margin_bottom\":\"default\",\"margin_top\":\"default\"}}]}]},{\"type\":\"row\",\"children\":[{\"type\":\"column\",\"props\":{\"image_position\":\"center-center\",\"position_sticky_breakpoint\":\"m\"},\"children\":[{\"type\":\"gallery\",\"props\":{\"filter_align\":\"left\",\"filter_all\":true,\"filter_grid_breakpoint\":\"m\",\"filter_grid_width\":\"auto\",\"filter_position\":\"top\",\"filter_style\":\"tab\",\"grid_default\":\"1\",\"grid_medium\":\"3\",\"item_animation\":true,\"lightbox_bg_close\":true,\"link_style\":\"default\",\"link_text\":\"Read more\",\"margin_bottom\":\"default\",\"margin_top\":\"default\",\"meta_align\":\"below-title\",\"meta_element\":\"div\",\"meta_style\":\"text-meta\",\"overlay_hover\":true,\"overlay_mode\":\"cover\",\"overlay_position\":\"center\",\"overlay_style\":\"overlay-primary\",\"overlay_transition\":\"fade\",\"show_content\":true,\"show_hover_image\":true,\"show_hover_video\":true,\"show_link\":true,\"show_meta\":true,\"show_title\":true,\"text_align\":\"center\",\"text_color\":\"light\",\"title_element\":\"h3\",\"title_hover_style\":\"reset\"},\"children\":[{\"type\":\"gallery_item\",\"props\":{\"image\":\"wp-content\/uploads\/2024\/04\/5e4b48_2a9077967de2478fbf55997aa45c1ee9mv2.webp\"}},{\"type\":\"gallery_item\",\"props\":{\"image\":\"wp-content\/uploads\/2024\/04\/5e4b48_fef788d550e3409286fccb7e31bcabeemv2.webp\"}},{\"type\":\"gallery_item\",\"props\":{\"image\":\"wp-content\/uploads\/2024\/04\/5e4b48_d7a4cdcaf5694e829a4c032205b447f0mv2.webp\"}}]}]}]},{\"type\":\"row\",\"children\":[{\"type\":\"column\",\"props\":{\"image_position\":\"center-center\",\"position_sticky_breakpoint\":\"m\"},\"children\":[{\"type\":\"text\",\"props\":{\"column_breakpoint\":\"m\",\"content\":\"\n\n<p>Durante il periodo del Covid vedevamo Joey meno del solito, pur vivendo nella stessa zona. Era molto rigoroso perch\u00e9 non voleva contagiare inavvertitamente suo padre e me. Nei primi mesi del 2021 sembrava un po' stanco e di tanto in tanto si lamentava del mal di schiena, ma pensava fosse solo perch\u00e9 non faceva abbastanza esercizio fisico.<\/p>\n\n\\n\n\n<p>Poi, un giorno, il nostro mondo \u00e8 cambiato in un attimo. Il 26 giugno 2021 Joey \u00e8 venuto a casa nostra per un caff\u00e8 e ci ha dato la notizia devastante: gli era appena stato diagnosticato un cancro. Il processo diagnostico era stato molto rapido: dopo essere andato al pronto soccorso per il mal di schiena e aver menzionato un nodulo che aveva notato in uno dei testicoli alcuni mesi prima, era stato immediatamente sottoposto a uno scan. Se n'era dimenticato, a causa dei dolori alla schiena. Il giorno seguente, il suo urologo gli ha dato la notizia: cancro ai testicoli. Poich\u00e9 la chemioterapia pu\u00f2 rendere sterili, ha fatto congelare il suo sperma. Anche se all'epoca era single, non voleva escludere la possibilit\u00e0 di avere un figlio. E tutto ci\u00f2 andava fatto in fretta, poich\u00e9 una settimana dopo la diagnosi ha subito un'orchiectomia.<\/p>\n\n\\n\n\n<p>All'inizio eravamo fiduciosi che avrebbe sconfitto la malattia, nonostante i risultati dei test mostrassero metastasi ai polmoni, al fegato e alla colonna vertebrale. Il cancro ai testicoli metastatico ha comunque un'ottima prognosi di guarigione, quindi Joey ha chiesto alla sua famiglia e ai suoi amici di rimanere positivi per lui. Ovviamente eravamo distrutti, ma ho cercato di non piangere mai davanti a lui.<\/p>\n\n\\n\n\n<p>Ha reagito molto bene ai primi tre mesi di chemioterapia, senza quasi alcun effetto collaterale, a parte la stanchezza e un sapore metallico in bocca. La nausea \u00e8 stata tenuta a bada con i farmaci. Si considerava fortunato. Quando ha terminato il primo ciclo di trattamento e la PET ha mostrato che i tumori si erano notevolmente ridotti, eravamo tutti al settimo cielo. Il passo successivo era l'intervento chirurgico RPLND (linfoadenectomia retroperitoneale), che consiste nella rimozione dei linfonodi dell'addome per impedire l'ulteriore diffusione del cancro.<\/p>\n\n\",\"margin_bottom\":\"default\",\"margin_top\":\"default\"}}]}]},{\"type\":\"row\",\"children\":[{\"type\":\"column\",\"props\":{\"image_position\":\"center-center\",\"position_sticky_breakpoint\":\"m\"},\"children\":[{\"type\":\"gallery\",\"props\":{\"filter_align\":\"left\",\"filter_all\":true,\"filter_grid_breakpoint\":\"m\",\"filter_grid_width\":\"auto\",\"filter_position\":\"top\",\"filter_style\":\"tab\",\"grid_default\":\"1\",\"grid_medium\":\"3\",\"item_animation\":true,\"lightbox_bg_close\":true,\"link_style\":\"default\",\"link_text\":\"Read more\",\"margin_bottom\":\"default\",\"margin_top\":\"default\",\"meta_align\":\"below-title\",\"meta_element\":\"div\",\"meta_style\":\"text-meta\",\"overlay_hover\":true,\"overlay_mode\":\"cover\",\"overlay_position\":\"center\",\"overlay_style\":\"overlay-primary\",\"overlay_transition\":\"fade\",\"show_content\":true,\"show_hover_image\":true,\"show_hover_video\":true,\"show_link\":true,\"show_meta\":true,\"show_title\":true,\"text_align\":\"center\",\"text_color\":\"light\",\"title_element\":\"h3\",\"title_hover_style\":\"reset\"},\"children\":[{\"type\":\"gallery_item\",\"props\":{\"image\":\"wp-content\/uploads\/2024\/04\/5e4b48_be646882e1144c918f022795be2162f9mv2.webp\"}},{\"type\":\"gallery_item\",\"props\":{\"image\":\"wp-content\/uploads\/2024\/04\/5e4b48_240486913e054256822330f7c407da9emv2.webp\"}}]}]}]},{\"type\":\"row\",\"children\":[{\"type\":\"column\",\"props\":{\"image_position\":\"center-center\",\"position_sticky_breakpoint\":\"m\"},\"children\":[{\"type\":\"text\",\"props\":{\"column_breakpoint\":\"m\",\"content\":\"\n\n<div id=\\\"comp-llgtfn1b\\\" class=\\\"HcOXKn c9GqVL QxJLC3 ONIxfn comp-llgtfn1b wixui-rich-text\\\" data-testid=\\\"richTextElement\\\">\\n\n\n<div id=\\\"comp-llguh4x7\\\" class=\\\"HcOXKn c9GqVL QxJLC3 comp-llguh4x7 wixui-rich-text\\\" data-testid=\\\"richTextElement\\\">\\n\n\n<p>Quell'autunno, l\u2019attesa per effetuare l\u2019intervento all'ospedale universitario di Berna fu lunga, forse prolungata dalle restrizioni Covid. Fu ricoverato il 3 gennaio, ma all'ultimo momento l'intervento fu annullato, perch\u00e9 un esame finale rivel\u00f2 la presenza di un grosso tumore al polmone. Una parte del tumore fu asportata insieme a una porzione del lobo polmonare sinistro. Fu quindi programmato un secondo ciclo di chemioterapia.<\/p>\n\n\\nPurtroppo, nonostante ulteriori interventi chirurgici, 4 tipi di chemioterapia, un trapianto autologo di cellule staminali, cinque giorni in coma farmacologico e pi\u00f9 di 100 giorni trascorsi in 5 diversi ospedali, i tumori si sono infine diffusi al cervello. Pur sapendo che il suo cancro era terminale, ha deciso di sottoporsi a radioterapia per cauterizzare i tumori. Speravamo che questo potesse fargli guadagnare un po' di tempo in un centro di cure palliative, alleviando il suo dolore. Durante l'ultima settimana della sua vita ha ricevuto dosi elevate di fentanil, che gli hanno concesso un certo benessere e uscite quotidiane nel giardino dell'ospedale con la sua famiglia e i suoi amici. Quei giorni sono stati un regalo che nessuno di noi dimenticher\u00e0 mai. Purtroppo, Joey non \u00e8 mai arrivato al centro di cure palliative. Suo padre, suo fratello ed io eravamo al suo fianco in ospedale quando \u00e8 morto serenamente il 13 ottobre 2022.<\/div>\n\n\\n<\/div>\n\n\",\"margin_bottom\":\"default\",\"margin_top\":\"default\"}}]}]},{\"type\":\"row\",\"children\":[{\"type\":\"column\",\"props\":{\"image_position\":\"center-center\",\"position_sticky_breakpoint\":\"m\"},\"children\":[{\"type\":\"gallery\",\"props\":{\"filter_align\":\"left\",\"filter_all\":true,\"filter_grid_breakpoint\":\"m\",\"filter_grid_width\":\"auto\",\"filter_position\":\"top\",\"filter_style\":\"tab\",\"grid_default\":\"1\",\"grid_medium\":\"3\",\"item_animation\":true,\"lightbox_bg_close\":true,\"link_style\":\"default\",\"link_text\":\"Read more\",\"margin_bottom\":\"default\",\"margin_top\":\"default\",\"meta_align\":\"below-title\",\"meta_element\":\"div\",\"meta_style\":\"text-meta\",\"overlay_hover\":true,\"overlay_mode\":\"cover\",\"overlay_position\":\"center\",\"overlay_style\":\"overlay-primary\",\"overlay_transition\":\"fade\",\"show_content\":true,\"show_hover_image\":true,\"show_hover_video\":true,\"show_link\":true,\"show_meta\":true,\"show_title\":true,\"text_align\":\"center\",\"text_color\":\"light\",\"title_element\":\"h3\",\"title_hover_style\":\"reset\"},\"children\":[{\"type\":\"gallery_item\",\"props\":{\"image\":\"wp-content\/uploads\/2024\/04\/5e4b48_2836a8b96b0f49f79f4cb647288d2d2bmv2.webp\"}}]}]}]},{\"type\":\"row\",\"children\":[{\"type\":\"column\",\"props\":{\"image_position\":\"center-center\",\"position_sticky_breakpoint\":\"m\"},\"children\":[{\"type\":\"text\",\"props\":{\"column_breakpoint\":\"m\",\"content\":\"\n\n<p>La forza di Joey durante gran parte della sua battaglia \u00e8 stata incredibile. Naturalmente, durante i 16 mesi di malattia ci sono stati giorni bui, poich\u00e9 ha subito numerosi interventi dolorosi ed ha avuto diverse infezioni a causa dell'indebolimento del suo sistema immunitario. Tuttavia, Joey \u00e8 rimasto una persona positiva. Oltre a suo padre, suo fratello e me, aveva tutti i suoi amici attorno a lui.<\/p>\n\n\\n\n\n\n\n\\n\n\n<p>Anche i podcast, creati con il suo caro amico Andreas per documentare il suo percorso contro il cancro, gli hanno dato molta forza. Il brillante senso dell'umorismo di Joey, suo tratto distintivo da sempre, lo ha aiutato molto. I podcast hanno ispirato persone in tutto il mondo, grazie ai loro contenuti informativi e coraggiosi, e ai loro esilaranti riferimenti a film, musica e cultura pop. Per tutti coloro che li hanno seguiti, l'alchimia tra Joey e Andreas \u00e8 stata evidente fin dal primo episodio. Quell'anno, Andreas ha fatto pi\u00f9 volte il viaggio dalla Norvegia alla Svizzera per stare con il suo amico.<\/p>\n\n\\n\n\n<p>Inoltre, grazie ai contatti di Joey nel mondo dei media e alla sua vasta rete di amici, la sua storia \u00e8 stata ampiamente trattata da radio, giornali, televisione e quotidiani svizzeri. Uno dei principali motivi di questo interesse era la sua autoironia, alla faccia del cancro.<\/p>\n\n\\n\n\n<p>L'ultima puntata di Having a Ball \u00e8 stata registrata in ospedale, solo 6 giorni prima della morte di Joey. Durante la registrazione ha detto che, se avesse potuto impedire anche solo a un altro giovane di passare quello che aveva passato lui, allora la sua morte avrebbe avuto un senso. Come famiglia, abbiamo sentito il dovere di continuare, semplicemente, ci\u00f2 che lui aveva gi\u00e0 cominciato.<\/p>\n\n\\n\n\n<p>Se Joey avesse ricevuto prima la diagnosi, chiss\u00e0, forse avrebbe potuto sconfiggere il cancro...<\/p>\n\n\\n\n\n<p>Quindi, se sei un giovane uomo \u2013 o hai un fidanzato, un marito, un figlio o un fratello, o se semplicemente vuoi partecipare \u2013 diventa membro di Having a Ball, l'associazione Joseph Barnes per la sensibilizzazione sul cancro ai testicoli, e aiutaci a diffondere il messaggio! Insieme possiamo ottenere grandi risultati e dare un senso alla tragica morte di mio figlio!<\/p>\n\n\\n\n\n<p>Ha lasciato un segno indelebile su moltissime persone. Non sar\u00e0 mai dimenticato.<\/p>\n\n\",\"margin_bottom\":\"default\",\"margin_top\":\"default\"}}]}]},{\"type\":\"row\",\"children\":[{\"type\":\"column\",\"props\":{\"image_position\":\"center-center\",\"position_sticky_breakpoint\":\"m\"},\"children\":[{\"type\":\"text\",\"props\":{\"column_breakpoint\":\"m\",\"content\":\"\n\n<p>Annemarie, mamma di Joey, agosto 2023<\/p>\n\n\",\"margin_bottom\":\"default\",\"margin_top\":\"default\",\"text_align\":\"right\"}}]}]}],\"name\":\"L'histoire\"}],\"version\":\"5.0.3\"} --><\/p>\n","protected":false},"excerpt":{"rendered":"<p>La storia di Joey Joey \u00e8 nato e cresciuto a Neuch\u00e2tel, in Svizzera, ma ha scelto di non diventare cittadino svizzero e conservare solo il passaporto canadese, ottenuto grazie a suo padre, originario di Edmonton, Alberta. Sebbene abbia studiato principalmente in francese e sia perfettamente bilingue, considerava l&rsquo;inglese la sua prima lingua. Dopo un&rsquo;infanzia e [&hellip;]<\/p>\n","protected":false},"author":3,"featured_media":0,"parent":0,"menu_order":0,"comment_status":"closed","ping_status":"closed","template":"","meta":{"footnotes":""},"class_list":["post-1906","page","type-page","status-publish","hentry"],"_links":{"self":[{"href":"https:\/\/having1ball.ch\/index.php\/wp-json\/wp\/v2\/pages\/1906","targetHints":{"allow":["GET"]}}],"collection":[{"href":"https:\/\/having1ball.ch\/index.php\/wp-json\/wp\/v2\/pages"}],"about":[{"href":"https:\/\/having1ball.ch\/index.php\/wp-json\/wp\/v2\/types\/page"}],"author":[{"embeddable":true,"href":"https:\/\/having1ball.ch\/index.php\/wp-json\/wp\/v2\/users\/3"}],"replies":[{"embeddable":true,"href":"https:\/\/having1ball.ch\/index.php\/wp-json\/wp\/v2\/comments?post=1906"}],"version-history":[{"count":4,"href":"https:\/\/having1ball.ch\/index.php\/wp-json\/wp\/v2\/pages\/1906\/revisions"}],"predecessor-version":[{"id":2035,"href":"https:\/\/having1ball.ch\/index.php\/wp-json\/wp\/v2\/pages\/1906\/revisions\/2035"}],"wp:attachment":[{"href":"https:\/\/having1ball.ch\/index.php\/wp-json\/wp\/v2\/media?parent=1906"}],"curies":[{"name":"wp","href":"https:\/\/api.w.org\/{rel}","templated":true}]}}